{"id":68,"date":"2014-10-07T08:04:17","date_gmt":"2014-10-07T08:04:17","guid":{"rendered":"http:\/\/roze.grothar.com\/?page_id=68"},"modified":"2014-10-07T08:04:17","modified_gmt":"2014-10-07T08:04:17","slug":"napredna-it-rjesenja","status":"publish","type":"page","link":"http:\/\/www.roze.hr\/opsirnije\/pocetna\/napredna-it-rjesenja\/","title":{"rendered":"Napredna IT rje\u0161enja"},"content":{"rendered":"<p>U procesu informatizacije poslovo\u0111enja u suradnji s Va\u0161im managementom izra\u0111ujemo statisti\u010dke izvje\u0161taje, preglede agregiranih podataka u numeri\u010dkom i\/ili grafi\u010dkom obliku. U mogu\u0107nosti smo davati pokazatelje Va\u0161eg poslovanja kroz niz godina.<\/p>\n<p>Iz na\u0161ih aplikacija podr\u017eano je direktno kori\u0161tenje ostalih Windows alata.<img loading=\"lazy\" decoding=\"async\" src=\"http:\/\/web.archive.org\/web\/20130505132335im_\/http:\/\/www.roze.hr\/image_news\/Timetable.gif\" alt=\" \" width=\"134\" height=\"104\" align=\"right\" \/><\/p>\n<p>Za potrebe poslovnog odlu\u010divanja i razvoja izra\u0111ujemo CRM aplikacije, aplikacije za podr\u0161ku slu\u017ebi prodaje, sura\u0111ujemo s call centrom tijekom provo\u0111enja marketin\u0161kih kampanja.<\/p>\n","protected":false},"excerpt":{"rendered":"<p>U procesu informatizacije poslovo\u0111enja u suradnji s Va\u0161im managementom izra\u0111ujemo statisti\u010dke izvje\u0161taje, preglede agregiranih podataka u numeri\u010dkom i\/ili grafi\u010dkom obliku. U mogu\u0107nosti smo davati pokazatelje Va\u0161eg poslovanja kroz niz godina. Iz na\u0161ih aplikacija podr\u017eano je direktno kori\u0161tenje ostalih Windows alata. &hellip;<\/p>\n<p class=\"read-more\"> <a class=\"more-link\" href=\"http:\/\/www.roze.hr\/opsirnije\/pocetna\/napredna-it-rjesenja\/\"> <span class=\"screen-reader-text\">Napredna IT rje\u0161enja<\/span> Read More &raquo;<\/a><\/p>\n","protected":false},"author":2,"featured_media":0,"parent":9,"menu_order":11,"comment_status":"closed","ping_status":"closed","template":"full-width-page.php","meta":{"footnotes":""},"class_list":["post-68","page","type-page","status-publish","hentry"],"_links":{"self":[{"href":"http:\/\/www.roze.hr\/opsirnije\/wp-json\/wp\/v2\/pages\/68"}],"collection":[{"href":"http:\/\/www.roze.hr\/opsirnije\/wp-json\/wp\/v2\/pages"}],"about":[{"href":"http:\/\/www.roze.hr\/opsirnije\/wp-json\/wp\/v2\/types\/page"}],"author":[{"embeddable":true,"href":"http:\/\/www.roze.hr\/opsirnije\/wp-json\/wp\/v2\/users\/2"}],"replies":[{"embeddable":true,"href":"http:\/\/www.roze.hr\/opsirnije\/wp-json\/wp\/v2\/comments?post=68"}],"version-history":[{"count":0,"href":"http:\/\/www.roze.hr\/opsirnije\/wp-json\/wp\/v2\/pages\/68\/revisions"}],"up":[{"embeddable":true,"href":"http:\/\/www.roze.hr\/opsirnije\/wp-json\/wp\/v2\/pages\/9"}],"wp:attachment":[{"href":"http:\/\/www.roze.hr\/opsirnije\/wp-json\/wp\/v2\/media?parent=68"}],"curies":[{"name":"wp","href":"https:\/\/api.w.org\/{rel}","templated":true}]}}