{"id":66,"date":"2014-10-07T08:03:58","date_gmt":"2014-10-07T08:03:58","guid":{"rendered":"http:\/\/roze.grothar.com\/?page_id=66"},"modified":"2014-10-07T08:03:58","modified_gmt":"2014-10-07T08:03:58","slug":"konzultantske-usluge","status":"publish","type":"page","link":"http:\/\/www.roze.hr\/opsirnije\/pocetna\/konzultantske-usluge\/","title":{"rendered":"Konzultantske usluge"},"content":{"rendered":"<p>Ukoliko u procesu\u00a0 informatizacije dijela ili cjelokupnog poslovanja nemate dovoljno znanja iz informatike ili ne poznajete informati\u010dke pojmove, te Vam je potrebna pomo\u0107 u komunikaciji sa dobavlja\u010dima informati\u010dke opreme i programskih rje\u0161enja, rado \u0107emo biti na &#8220;Va\u0161oj strani&#8221;, dio Va\u0161eg tima.<\/p>\n<p>Ako prilikom uvo\u0111enja informati\u010dkog sustava \u017eelite optimizirati radne procese, na\u0161a znanja i iskustva mogu biti od velike pomo\u0107i.<\/p>\n<p>Imate li problema sa postoje\u0107im instaliranim informati\u010dkim sustavom i \u017eelite da netko u Va\u0161e ime razgovara s osobama zadu\u017eenim za razvoj, pridonijet \u0107emo rje\u0161enju ovakvih situacija konstruktivnim savjetima<\/p>\n","protected":false},"excerpt":{"rendered":"<p>Ukoliko u procesu\u00a0 informatizacije dijela ili cjelokupnog poslovanja nemate dovoljno znanja iz informatike ili ne poznajete informati\u010dke pojmove, te Vam je potrebna pomo\u0107 u komunikaciji sa dobavlja\u010dima informati\u010dke opreme i programskih rje\u0161enja, rado \u0107emo biti na &#8220;Va\u0161oj strani&#8221;, dio Va\u0161eg &hellip;<\/p>\n<p class=\"read-more\"> <a class=\"more-link\" href=\"http:\/\/www.roze.hr\/opsirnije\/pocetna\/konzultantske-usluge\/\"> <span class=\"screen-reader-text\">Konzultantske usluge<\/span> Read More &raquo;<\/a><\/p>\n","protected":false},"author":2,"featured_media":0,"parent":9,"menu_order":10,"comment_status":"closed","ping_status":"closed","template":"full-width-page.php","meta":{"footnotes":""},"class_list":["post-66","page","type-page","status-publish","hentry"],"_links":{"self":[{"href":"http:\/\/www.roze.hr\/opsirnije\/wp-json\/wp\/v2\/pages\/66"}],"collection":[{"href":"http:\/\/www.roze.hr\/opsirnije\/wp-json\/wp\/v2\/pages"}],"about":[{"href":"http:\/\/www.roze.hr\/opsirnije\/wp-json\/wp\/v2\/types\/page"}],"author":[{"embeddable":true,"href":"http:\/\/www.roze.hr\/opsirnije\/wp-json\/wp\/v2\/users\/2"}],"replies":[{"embeddable":true,"href":"http:\/\/www.roze.hr\/opsirnije\/wp-json\/wp\/v2\/comments?post=66"}],"version-history":[{"count":0,"href":"http:\/\/www.roze.hr\/opsirnije\/wp-json\/wp\/v2\/pages\/66\/revisions"}],"up":[{"embeddable":true,"href":"http:\/\/www.roze.hr\/opsirnije\/wp-json\/wp\/v2\/pages\/9"}],"wp:attachment":[{"href":"http:\/\/www.roze.hr\/opsirnije\/wp-json\/wp\/v2\/media?parent=66"}],"curies":[{"name":"wp","href":"https:\/\/api.w.org\/{rel}","templated":true}]}}