{"id":62,"date":"2014-10-07T08:03:08","date_gmt":"2014-10-07T08:03:08","guid":{"rendered":"http:\/\/roze.grothar.com\/?page_id=62"},"modified":"2014-10-07T08:03:08","modified_gmt":"2014-10-07T08:03:08","slug":"ured-bez-papira","status":"publish","type":"page","link":"http:\/\/www.roze.hr\/opsirnije\/pocetna\/ured-bez-papira\/","title":{"rendered":"Ured bez papira"},"content":{"rendered":"<p>Za potrebe uredskog poslovanja razvili smo sustav pisarnice koji se sastoji od sljede\u0107ih modula :<\/p>\n<p>Administrator<\/p>\n<ul>\n<li>unos predmeta s izradom ko\u0161uljica za predmet<\/li>\n<li>promjene po predmetu<\/li>\n<li>razvrstavanje i interna dostava predmeta<\/li>\n<li>razni pregledi i izvje\u0161taji po predmetima<\/li>\n<li>statistike predmeta<\/li>\n<li>priprema dokumentacije<\/li>\n<\/ul>\n<p>Referent<\/p>\n<ul>\n<li>pregled poslova\/predmeta po ro\u010dnosti<\/li>\n<li>postupanje\u00a0 po predmetu\/status predmeta<\/li>\n<li>dohvati predmeta po vi\u0161e kriterija<\/li>\n<li>pridjeljivanje dokumenata predmetu<\/li>\n<li>razvrstavanje dokumentacije<\/li>\n<\/ul>\n<p>Arhiv<\/p>\n<ul>\n<li>priprema predmeta za arhiviranje<\/li>\n<li>unos statusa arhiviranih predmeta<\/li>\n<li>davanje na uvid\/posudba predmeta<\/li>\n<\/ul>\n<p><strong>Po \u010demu se na\u0161e aplikacije razlikuju<\/strong><strong>?<\/strong><\/p>\n<ul>\n<li><em><strong>prilikom zaprimanja dokumenata njihova slika ili sadr\u017eaj (ako su dostavljeni u elektronskom obliku) pohranjuju se u bazu i dostupni su na uvid ovla\u0161tenim osobama u bilo kojem trenutku tj. nije potrebno ru\u010dno pretra\u017eivanje dokumenata i izuzimanje iz arhive radi uvida u originalni izgled spisa<\/strong><\/em><\/li>\n<li><em><strong>slo\u017eenim pretra\u017eivanjem omogu\u0107ili smo kreiranje vrlo kompleksnih filtera na predmete i pripadaju\u0107u dokumentaciju<\/strong><\/em><\/li>\n<li><em><strong>jednostavnim \u00abfull text search\u00bb modulom pretra\u017eujemo vrlo brzo sva polja u bazi\u00a0 nakon unosa samo jednog podatka i filtriramo sve predmete gdje se taj podatak nalazi u bilo kojem polju<\/strong><\/em><\/li>\n<\/ul>\n","protected":false},"excerpt":{"rendered":"<p>Za potrebe uredskog poslovanja razvili smo sustav pisarnice koji se sastoji od sljede\u0107ih modula : Administrator unos predmeta s izradom ko\u0161uljica za predmet promjene po predmetu razvrstavanje i interna dostava predmeta razni pregledi i izvje\u0161taji po predmetima statistike predmeta priprema &hellip;<\/p>\n<p class=\"read-more\"> <a class=\"more-link\" href=\"http:\/\/www.roze.hr\/opsirnije\/pocetna\/ured-bez-papira\/\"> <span class=\"screen-reader-text\">Ured bez papira<\/span> Read More &raquo;<\/a><\/p>\n","protected":false},"author":2,"featured_media":0,"parent":9,"menu_order":7,"comment_status":"closed","ping_status":"closed","template":"full-width-page.php","meta":{"footnotes":""},"class_list":["post-62","page","type-page","status-publish","hentry"],"_links":{"self":[{"href":"http:\/\/www.roze.hr\/opsirnije\/wp-json\/wp\/v2\/pages\/62"}],"collection":[{"href":"http:\/\/www.roze.hr\/opsirnije\/wp-json\/wp\/v2\/pages"}],"about":[{"href":"http:\/\/www.roze.hr\/opsirnije\/wp-json\/wp\/v2\/types\/page"}],"author":[{"embeddable":true,"href":"http:\/\/www.roze.hr\/opsirnije\/wp-json\/wp\/v2\/users\/2"}],"replies":[{"embeddable":true,"href":"http:\/\/www.roze.hr\/opsirnije\/wp-json\/wp\/v2\/comments?post=62"}],"version-history":[{"count":0,"href":"http:\/\/www.roze.hr\/opsirnije\/wp-json\/wp\/v2\/pages\/62\/revisions"}],"up":[{"embeddable":true,"href":"http:\/\/www.roze.hr\/opsirnije\/wp-json\/wp\/v2\/pages\/9"}],"wp:attachment":[{"href":"http:\/\/www.roze.hr\/opsirnije\/wp-json\/wp\/v2\/media?parent=62"}],"curies":[{"name":"wp","href":"https:\/\/api.w.org\/{rel}","templated":true}]}}